{"id":471,"date":"2026-04-02T16:09:53","date_gmt":"2026-04-02T16:09:53","guid":{"rendered":"https:\/\/nmsvlp.com\/wpdev\/?page_id=471"},"modified":"2026-04-15T15:47:36","modified_gmt":"2026-04-15T15:47:36","slug":"cookie","status":"publish","type":"page","link":"https:\/\/nmsvlp.com\/wpdev\/cookie\/","title":{"rendered":"Nea Mesa: informativa cookies"},"content":{"rendered":"\n\t<section class=\"section\" id=\"section_1167248811\">\n\t\t<div class=\"section-bg fill\" >\n\t\t\t\t\t\t\t\t\t\n\t\t\t\n\n\t\t<\/div>\n\n\t\t\n\n\t\t<div class=\"section-content relative\">\n\t\t\t\n<div class=\"row align-middle\"  id=\"row-2082274763\">\n\n\t<div id=\"col-923850451\" class=\"col small-12 large-12\"  >\n\t\t\t\t<div class=\"col-inner\"  >\n\t\t\t\n\t\t\t\n\t<div id=\"text-796674661\" class=\"text\">\n\t\t\n<h2>Informativa sull&#8217;utilizzo dei cookie<\/h2>\n\t\t\n<style>\n#text-796674661 {\n  font-size: 2rem;\n  line-height: 0.75;\n  text-align: center;\n}\n<\/style>\n\t<\/div>\n\t\n<p>In questa pagina Nea Mesa Comunicazione snc di Fabio Bosso e Fiorella Sina con sede in Via Goffredo Casalis 5 a Torino, Titolare del trattamento dati personali, fornisce agli utenti del sito neamesa.it alcune informazioni relative ai cookie utilizzati.<br \/>\nTutte le informazioni in ordine al trattamento dei dati personali sono disponibili alla pagina\u00a0<a href=\"https:\/\/neamesa.it\/privacy.html\">Informativa Privacy<\/a>.<\/p>\n<h3>Registrazione del consenso ai cookie<\/h3>\n<p>Ai fini di conformit\u00e0 al Regolamento (UE) 2016\/679 (GDPR), il consenso o il rifiuto espresso dall\u2019utente in merito ai cookie viene registrato e conservato in forma anonima. I dati salvati comprendono esclusivamente: le preferenze di consenso (categorie di cookie accettate o rifiutate), la data e l\u2019ora della scelta e un identificativo tecnico non riconducibile direttamente all\u2019utente. Non vengono memorizzati dati personali come indirizzi IP o informazioni identificative. Queste registrazioni sono conservate unicamente per poter dimostrare l\u2019avvenuta raccolta del consenso, in caso di verifiche da parte dell\u2019autorit\u00e0 di controllo.<\/p>\n<h3>Cosa sono i cookie<\/h3>\n<p>In informatica i cookie \u2013 letteralmente \u201cbiscotto\u201d &#8211; sono righe di testo usate per eseguire autenticazioni automatiche, tracciatura di sessioni e memorizzazione di informazioni specifiche riguardanti gli utenti che accedono al server.<br \/>\nNel dettaglio, sono stringhe di testo di piccola dimensione inviate da un server ad un Web client (di solito un Browser) e poi rimandati indietro dal client al server (senza subire modifiche) ogni volta che il client accede alla stessa porzione dello stesso dominio web.<\/p>\n<h3>Tipologie di cookie<\/h3>\n<h4>Cookie tecnici<\/h4>\n<p>Sono cookie di navigazione o di sessione, che garantiscono la normale navigazione e fruizione del sito web, permettendo, ad esempio, di realizzare un acquisto o autenticarsi per accedere ad aree riservate o di settare alcune preferenze sul sito web e ritrovarle settate al prossimo accesso.<br \/>\nSenza il ricorso a tali cookie alcune operazioni sul sito potrebbero non essere possibili o potrebbero essere pi\u00f9 complesse e meno sicure.<\/p>\n<h4>Cookie di profilazione<\/h4>\n<p>Sono cookie utilizzati per monitorare e profilare gli utenti durante la navigazione, studiare i loro movimenti e abitudini di consultazione del web o di consumo (cosa comprano, cosa leggono, ecc.), anche allo scopo di inviare pubblicit\u00e0 di servizi mirati e personalizzati.<\/p>\n<h4>Cookie di terze parti<\/h4>\n<p>Sono cookie installati da siti differenti da quello sul quale si sta navigando generalmente a scopo di profilazione oppure per attivare specifiche funzionalit\u00e0 (ad esempio i cookie installati per i social plugins).<br \/>\nIn tali casi, tuttavia, il Titolare del trattamento dei dati personali acquisiti tramite questo sito internet \u00e8 esente da qualsiasi forma di responsabilit\u00e0 in tal senso posto che l\u2019operativit\u00e0 di tali cookies rientra nella piena ed esclusiva responsabilit\u00e0 di societ\u00e0 terze.<\/p>\n<h3>Conferimento dei dati<\/h3>\n<p>Fatta eccezione per i cookie tecnici strettamente necessari alla normale navigazione, il conferimento dei dati \u00e8 rimesso alla volont\u00e0 dell\u2019interessato che decida di navigare su questo sito dopo aver preso visione dell\u2019informativa breve contenuta nell\u2019apposito banner e di usufruire dei servizi che comportano l\u2019installazione di cookie.<br \/>\nChiudendo il banner, l\u2019utente presta il consenso all\u2019utilizzo di tutti i cookie per le tipologie a cui ha dato esplicito consenso (inclusi quelli di terze parti) e il suo consenso viene memorizzato in un apposito cookie tecnico in modo che il banner non venga pi\u00f9 visualizzato durante i futuri accessi al sito.<\/p>\n<h3>Come disattivare i cookie<\/h3>\n<p>Attraverso le impostazioni del proprio Browser \u00e8 possibile rifiutare tutti i cookie o permettere l\u2019installazione di cookie provenienti solo da alcuni siti scelti. Il blocco di tutti i cookie potrebbe inficiare il corretto funzionamento di alcune funzionalit\u00e0 dei siti che si visitano.<br \/>\nQueste le istruzioni per disattivare \/ attivare i cookie nei principali Browser:<\/p>\n<ul>\n<li><strong>Google Chrome<\/strong>:\u00a0<a href=\"https:\/\/support.google.com\/chrome\/answer\/95647?hl=it\" target=\"_blank\" rel=\"noopener\">https:\/\/support.google.com\/chrome\/answer\/95647?hl=it<\/a><\/li>\n<li><strong>Mozilla Firefox<\/strong>:\u00a0<a href=\"https:\/\/support.mozilla.org\/it\/kb\/Attivare%20e%20disattivare%20i%20cookie\" target=\"_blank\" rel=\"noopener\">https:\/\/support.mozilla.org\/it\/kb\/Attivare%20e%20disattivare%20i%20cookie<\/a><\/li>\n<li><strong>Apple Safari<\/strong>:\u00a0<a href=\"https:\/\/support.apple.com\/kb\/PH17191?locale=it_IT\" target=\"_blank\" rel=\"noopener\">https:\/\/support.apple.com\/kb\/PH17191?locale=it_IT<\/a><\/li>\n<li><strong>Microsoft Internet Explorer:<\/strong>\u00a0<a href=\"http:\/\/windows.microsoft.com\/it-it\/internet-explorer\/delete-manage-cookies#ie=ie-11\" target=\"_blank\" rel=\"noopener\">http:\/\/windows.microsoft.com\/it-it\/internet-explorer\/delete-manage-cookies#ie=ie-11<\/a><\/li>\n<li><strong>Apple Safari su iOS<\/strong>:\u00a0<a href=\"https:\/\/support.apple.com\/it-it\/HT201265\" target=\"_blank\" rel=\"noopener\">https:\/\/support.apple.com\/it-it\/HT201265<\/a><\/li>\n<li><strong>Google Android<\/strong>:\u00a0<a href=\"https:\/\/support.google.com\/chrome\/answer\/2392971?hl=it-IT\" target=\"_blank\" rel=\"noopener\">https:\/\/support.google.com\/chrome\/answer\/2392971?hl=it-IT<\/a><\/li>\n<\/ul>\n<h3>Come cancellare i cookie<\/h3>\n<p>Attraverso le impostazioni del proprio Browser \u00e8 possibile cancellare tutti i cookie salvati sul proprio dispositivo.<br \/>\nQueste le istruzioni per cancellare i cookie (o solo alcuni di essi) nei principali Browser:<\/p>\n<ul>\n<li><strong>Google Chrome<\/strong>:\u00a0<a href=\"https:\/\/support.google.com\/chrome\/answer\/95647?hl=it\" target=\"_blank\" rel=\"noopener\">https:\/\/support.google.com\/chrome\/answer\/95647?hl=it<\/a><\/li>\n<li><strong>Mozilla Firefox<\/strong>:\u00a0<a href=\"https:\/\/support.mozilla.org\/it\/kb\/Eliminare%20i%20cookie\" target=\"_blank\" rel=\"noopener\">https:\/\/support.mozilla.org\/it\/kb\/Eliminare%20i%20cookie<\/a><\/li>\n<li><strong>Apple Safari<\/strong>:\u00a0<a href=\"https:\/\/support.apple.com\/kb\/PH17191?locale=it_IT\" target=\"_blank\" rel=\"noopener\">https:\/\/support.apple.com\/kb\/PH17191?locale=it_IT<\/a><\/li>\n<li><strong>Microsoft Internet Explorer:<\/strong>\u00a0<a href=\"http:\/\/windows.microsoft.com\/it-it\/internet-explorer\/delete-manage-cookies#ie=ie-11\" target=\"_blank\" rel=\"noopener\">http:\/\/windows.microsoft.com\/it-it\/internet-explorer\/delete-manage-cookies#ie=ie-11<\/a><\/li>\n<li><strong>Apple Safari su iOS<\/strong>:\u00a0<a href=\"https:\/\/support.apple.com\/it-it\/HT201265\" target=\"_blank\" rel=\"noopener\">https:\/\/support.apple.com\/it-it\/HT201265<\/a><\/li>\n<li><strong>Google Android<\/strong>:\u00a0<a href=\"https:\/\/support.google.com\/chrome\/answer\/2392709?hl=it\" target=\"_blank\" rel=\"noopener\">https:\/\/support.google.com\/chrome\/answer\/2392709?hl=it<\/a><\/li>\n<\/ul>\n<p>Per completezza si informa l\u2019utente che \u00e8 possibile avere informazioni sui cookie archiviati sul proprio terminale e disattivarli singolarmente decidendo di accettarli solo da parte di alcune societ\u00e0 cliccando sulla risorsa Your Online Choices raggiungibile dal seguente link:\u00a0<a href=\"http:\/\/www.youronlinechoices.com\/it\/le-tue-scelte\" target=\"_blank\" rel=\"noopener\">http:\/\/www.youronlinechoices.com\/it\/le-tue-scelte<\/a>.<\/p>\n\t\t<\/div>\n\t\t\t\t\t<\/div>\n\n\t\n<\/div>\n\t\t<\/div>\n\n\t\t\n<style>\n#section_1167248811 {\n  padding-top: 30px;\n  padding-bottom: 30px;\n}\n<\/style>\n\t<\/section>\n\t\n","protected":false},"excerpt":{"rendered":"","protected":false},"author":1,"featured_media":0,"parent":0,"menu_order":0,"comment_status":"closed","ping_status":"closed","template":"page-blank.php","meta":{"footnotes":""},"class_list":["post-471","page","type-page","status-publish","hentry"],"yoast_head":"<!-- This site is optimized with the Yoast SEO plugin v27.4 - https:\/\/yoast.com\/product\/yoast-seo-wordpress\/ -->\n<title>Informativa sull&#039;utilizzo dei cookie web agency Torino Nea Mesa Comunicazione<\/title>\n<meta name=\"description\" content=\"Realizzazione siti internet, web design personalizzato, comunicazione integrata, mobile application. Professionisti dei nuovi media a Torino.\" \/>\n<meta name=\"robots\" content=\"noindex, follow\" \/>\n<meta property=\"og:locale\" content=\"it_IT\" \/>\n<meta property=\"og:type\" content=\"article\" \/>\n<meta property=\"og:title\" content=\"Informativa sull&#039;utilizzo dei cookie web agency Torino Nea Mesa Comunicazione\" \/>\n<meta property=\"og:description\" content=\"Realizzazione siti internet, web design personalizzato, comunicazione integrata, mobile application. Professionisti dei nuovi media a Torino.\" \/>\n<meta property=\"og:url\" content=\"https:\/\/nmsvlp.com\/wpdev\/cookie\/\" \/>\n<meta property=\"og:site_name\" content=\"Installazione wp\" \/>\n<meta property=\"article:publisher\" content=\"http:\/\/www.facebook.com\/neamesa\" \/>\n<meta property=\"article:modified_time\" content=\"2026-04-15T15:47:36+00:00\" \/>\n<meta property=\"og:image\" content=\"https:\/\/nmsvlp.com\/wpdev\/wp-content\/uploads\/2026\/04\/iconea.png\" \/>\n\t<meta property=\"og:image:width\" content=\"512\" \/>\n\t<meta property=\"og:image:height\" content=\"512\" \/>\n\t<meta property=\"og:image:type\" content=\"image\/png\" \/>\n<meta name=\"twitter:card\" content=\"summary_large_image\" \/>\n<meta name=\"twitter:label1\" content=\"Tempo di lettura stimato\" \/>\n\t<meta name=\"twitter:data1\" content=\"4 minuti\" \/>\n<script type=\"application\/ld+json\" class=\"yoast-schema-graph\">{\"@context\":\"https:\\\/\\\/schema.org\",\"@graph\":[{\"@type\":\"WebPage\",\"@id\":\"https:\\\/\\\/nmsvlp.com\\\/wpdev\\\/cookie\\\/\",\"url\":\"https:\\\/\\\/nmsvlp.com\\\/wpdev\\\/cookie\\\/\",\"name\":\"Informativa sull'utilizzo dei cookie web agency Torino Nea Mesa Comunicazione\",\"isPartOf\":{\"@id\":\"https:\\\/\\\/nmsvlp.com\\\/wpdev\\\/#website\"},\"datePublished\":\"2026-04-02T16:09:53+00:00\",\"dateModified\":\"2026-04-15T15:47:36+00:00\",\"description\":\"Realizzazione siti internet, web design personalizzato, comunicazione integrata, mobile application. Professionisti dei nuovi media a Torino.\",\"breadcrumb\":{\"@id\":\"https:\\\/\\\/nmsvlp.com\\\/wpdev\\\/cookie\\\/#breadcrumb\"},\"inLanguage\":\"it-IT\",\"potentialAction\":[{\"@type\":\"ReadAction\",\"target\":[\"https:\\\/\\\/nmsvlp.com\\\/wpdev\\\/cookie\\\/\"]}]},{\"@type\":\"BreadcrumbList\",\"@id\":\"https:\\\/\\\/nmsvlp.com\\\/wpdev\\\/cookie\\\/#breadcrumb\",\"itemListElement\":[{\"@type\":\"ListItem\",\"position\":1,\"name\":\"Home\",\"item\":\"https:\\\/\\\/nmsvlp.com\\\/wpdev\\\/\"},{\"@type\":\"ListItem\",\"position\":2,\"name\":\"Nea Mesa: informativa cookies\"}]},{\"@type\":\"WebSite\",\"@id\":\"https:\\\/\\\/nmsvlp.com\\\/wpdev\\\/#website\",\"url\":\"https:\\\/\\\/nmsvlp.com\\\/wpdev\\\/\",\"name\":\"Nea Mesa comunicazione web agency Torino\",\"description\":\"\",\"publisher\":{\"@id\":\"https:\\\/\\\/nmsvlp.com\\\/wpdev\\\/#organization\"},\"potentialAction\":[{\"@type\":\"SearchAction\",\"target\":{\"@type\":\"EntryPoint\",\"urlTemplate\":\"https:\\\/\\\/nmsvlp.com\\\/wpdev\\\/?s={search_term_string}\"},\"query-input\":{\"@type\":\"PropertyValueSpecification\",\"valueRequired\":true,\"valueName\":\"search_term_string\"}}],\"inLanguage\":\"it-IT\"},{\"@type\":\"Organization\",\"@id\":\"https:\\\/\\\/nmsvlp.com\\\/wpdev\\\/#organization\",\"name\":\"Nea Mesa Comunicazione Torino\",\"url\":\"https:\\\/\\\/nmsvlp.com\\\/wpdev\\\/\",\"logo\":{\"@type\":\"ImageObject\",\"inLanguage\":\"it-IT\",\"@id\":\"https:\\\/\\\/nmsvlp.com\\\/wpdev\\\/#\\\/schema\\\/logo\\\/image\\\/\",\"url\":\"https:\\\/\\\/nmsvlp.com\\\/wpdev\\\/wp-content\\\/uploads\\\/2026\\\/04\\\/logo-nea-mesa.png\",\"contentUrl\":\"https:\\\/\\\/nmsvlp.com\\\/wpdev\\\/wp-content\\\/uploads\\\/2026\\\/04\\\/logo-nea-mesa.png\",\"width\":594,\"height\":235,\"caption\":\"Nea Mesa Comunicazione Torino\"},\"image\":{\"@id\":\"https:\\\/\\\/nmsvlp.com\\\/wpdev\\\/#\\\/schema\\\/logo\\\/image\\\/\"},\"sameAs\":[\"http:\\\/\\\/www.facebook.com\\\/neamesa\",\"https:\\\/\\\/www.instagram.com\\\/neamesa_web\\\/\",\"http:\\\/\\\/www.linkedin.com\\\/company\\\/nea-mesa-comunicazione\",\"https:\\\/\\\/www.youtube.com\\\/@neamesa_web\"]}]}<\/script>\n<!-- \/ Yoast SEO plugin. -->","yoast_head_json":{"title":"Informativa sull'utilizzo dei cookie web agency Torino Nea Mesa Comunicazione","description":"Realizzazione siti internet, web design personalizzato, comunicazione integrata, mobile application. Professionisti dei nuovi media a Torino.","robots":{"index":"noindex","follow":"follow"},"og_locale":"it_IT","og_type":"article","og_title":"Informativa sull'utilizzo dei cookie web agency Torino Nea Mesa Comunicazione","og_description":"Realizzazione siti internet, web design personalizzato, comunicazione integrata, mobile application. Professionisti dei nuovi media a Torino.","og_url":"https:\/\/nmsvlp.com\/wpdev\/cookie\/","og_site_name":"Installazione wp","article_publisher":"http:\/\/www.facebook.com\/neamesa","article_modified_time":"2026-04-15T15:47:36+00:00","og_image":[{"width":512,"height":512,"url":"https:\/\/nmsvlp.com\/wpdev\/wp-content\/uploads\/2026\/04\/iconea.png","type":"image\/png"}],"twitter_card":"summary_large_image","twitter_misc":{"Tempo di lettura stimato":"4 minuti"},"schema":{"@context":"https:\/\/schema.org","@graph":[{"@type":"WebPage","@id":"https:\/\/nmsvlp.com\/wpdev\/cookie\/","url":"https:\/\/nmsvlp.com\/wpdev\/cookie\/","name":"Informativa sull'utilizzo dei cookie web agency Torino Nea Mesa Comunicazione","isPartOf":{"@id":"https:\/\/nmsvlp.com\/wpdev\/#website"},"datePublished":"2026-04-02T16:09:53+00:00","dateModified":"2026-04-15T15:47:36+00:00","description":"Realizzazione siti internet, web design personalizzato, comunicazione integrata, mobile application. Professionisti dei nuovi media a Torino.","breadcrumb":{"@id":"https:\/\/nmsvlp.com\/wpdev\/cookie\/#breadcrumb"},"inLanguage":"it-IT","potentialAction":[{"@type":"ReadAction","target":["https:\/\/nmsvlp.com\/wpdev\/cookie\/"]}]},{"@type":"BreadcrumbList","@id":"https:\/\/nmsvlp.com\/wpdev\/cookie\/#breadcrumb","itemListElement":[{"@type":"ListItem","position":1,"name":"Home","item":"https:\/\/nmsvlp.com\/wpdev\/"},{"@type":"ListItem","position":2,"name":"Nea Mesa: informativa cookies"}]},{"@type":"WebSite","@id":"https:\/\/nmsvlp.com\/wpdev\/#website","url":"https:\/\/nmsvlp.com\/wpdev\/","name":"Nea Mesa comunicazione web agency Torino","description":"","publisher":{"@id":"https:\/\/nmsvlp.com\/wpdev\/#organization"},"potentialAction":[{"@type":"SearchAction","target":{"@type":"EntryPoint","urlTemplate":"https:\/\/nmsvlp.com\/wpdev\/?s={search_term_string}"},"query-input":{"@type":"PropertyValueSpecification","valueRequired":true,"valueName":"search_term_string"}}],"inLanguage":"it-IT"},{"@type":"Organization","@id":"https:\/\/nmsvlp.com\/wpdev\/#organization","name":"Nea Mesa Comunicazione Torino","url":"https:\/\/nmsvlp.com\/wpdev\/","logo":{"@type":"ImageObject","inLanguage":"it-IT","@id":"https:\/\/nmsvlp.com\/wpdev\/#\/schema\/logo\/image\/","url":"https:\/\/nmsvlp.com\/wpdev\/wp-content\/uploads\/2026\/04\/logo-nea-mesa.png","contentUrl":"https:\/\/nmsvlp.com\/wpdev\/wp-content\/uploads\/2026\/04\/logo-nea-mesa.png","width":594,"height":235,"caption":"Nea Mesa Comunicazione Torino"},"image":{"@id":"https:\/\/nmsvlp.com\/wpdev\/#\/schema\/logo\/image\/"},"sameAs":["http:\/\/www.facebook.com\/neamesa","https:\/\/www.instagram.com\/neamesa_web\/","http:\/\/www.linkedin.com\/company\/nea-mesa-comunicazione","https:\/\/www.youtube.com\/@neamesa_web"]}]}},"_links":{"self":[{"href":"https:\/\/nmsvlp.com\/wpdev\/wp-json\/wp\/v2\/pages\/471","targetHints":{"allow":["GET"]}}],"collection":[{"href":"https:\/\/nmsvlp.com\/wpdev\/wp-json\/wp\/v2\/pages"}],"about":[{"href":"https:\/\/nmsvlp.com\/wpdev\/wp-json\/wp\/v2\/types\/page"}],"author":[{"embeddable":true,"href":"https:\/\/nmsvlp.com\/wpdev\/wp-json\/wp\/v2\/users\/1"}],"replies":[{"embeddable":true,"href":"https:\/\/nmsvlp.com\/wpdev\/wp-json\/wp\/v2\/comments?post=471"}],"version-history":[{"count":3,"href":"https:\/\/nmsvlp.com\/wpdev\/wp-json\/wp\/v2\/pages\/471\/revisions"}],"predecessor-version":[{"id":497,"href":"https:\/\/nmsvlp.com\/wpdev\/wp-json\/wp\/v2\/pages\/471\/revisions\/497"}],"wp:attachment":[{"href":"https:\/\/nmsvlp.com\/wpdev\/wp-json\/wp\/v2\/media?parent=471"}],"curies":[{"name":"wp","href":"https:\/\/api.w.org\/{rel}","templated":true}]}}